{"id":374,"date":"2019-03-15T14:47:17","date_gmt":"2019-03-15T13:47:17","guid":{"rendered":"https:\/\/www.autoservice-waespi.de\/?page_id=374"},"modified":"2019-03-28T08:07:34","modified_gmt":"2019-03-28T07:07:34","slug":"autoglas","status":"publish","type":"page","link":"https:\/\/www.autoservice-waespi.de\/index.php\/service\/autoglas\/","title":{"rendered":"Autoglas"},"content":{"rendered":"<h2><span style=\"color: #1b348a;\">Autoglas: Steinschlagreparatur &amp; Scheibentausch<\/span><\/h2>\n<p><span style=\"font-family: Arial, serif; color: #000000;\"><span style=\"font-size: large;\"><strong>Wir empfehlen Ihnen, auch kleine Steinschl\u00e4ge in der Scheibe fr\u00fchzeitig reparieren zu lassen, da diese sonst zu gr\u00f6\u00dferen Rissen f\u00fchren k\u00f6nnen.<\/strong> Ein Scheibentausch \u00edst in diesem Fall unumg\u00e4nglich.<br \/>\n<\/span><\/span><\/p>\n<p><span style=\"font-family: Arial, serif; color: #000000;\"><span style=\"font-size: large;\">F\u00fcr Kaskoversicherte ist eine Steinschlagreparatur grunds\u00e4tzlich kostenlos, es f\u00e4llt keine Selbstbeteiligung an. Zudem werden Sie bei Ihrer Versicherung nicht h\u00f6her eingestuft. <\/span><\/span><\/p>\n<p><span style=\"color: #000000;\"><strong><span style=\"font-family: Arial, serif;\"><span style=\"font-size: large;\">Sollte doch ein Scheibentausch notwendig sein<\/span><\/span><span style=\"font-family: Arial, serif;\"><span style=\"font-size: large;\">, <\/span><\/span><\/strong><\/span><span style=\"font-family: Arial, serif;\"><span style=\"font-size: large;\"><span style=\"color: #000000;\"><strong>verwenden wir ausschlie\u00dflich Scheiben in Erstausr\u00fcsterqualit\u00e4t.<\/strong> Da die Windschutzscheibe bei modernen Fahrzeugen ein tragendes Teil ist, tr\u00e4gt diese zur Stabilit\u00e4t des Fahrzeuges bei.<\/span> <\/span><\/span><\/p>\n","protected":false},"excerpt":{"rendered":"<p>Autoglas: Steinschlagreparatur &amp; Scheibentausch Wir empfehlen Ihnen, auch kleine Steinschl\u00e4ge in der Scheibe fr\u00fchzeitig reparieren zu lassen, da diese sonst zu gr\u00f6\u00dferen Rissen f\u00fchren k\u00f6nnen. Ein Scheibentausch \u00edst in diesem Fall unumg\u00e4nglich. F\u00fcr Kaskoversicherte ist eine Steinschlagreparatur grunds\u00e4tzlich kostenlos, es f\u00e4llt keine Selbstbeteiligung an. Zudem werden Sie bei Ihrer Versicherung nicht h\u00f6her eingestuft. Sollte doch [&hellip;]<\/p>\n","protected":false},"author":1,"featured_media":0,"parent":290,"menu_order":50,"comment_status":"closed","ping_status":"closed","template":"templates\/page-full-width.php","meta":{"footnotes":""},"class_list":["post-374","page","type-page","status-publish","hentry"],"_links":{"self":[{"href":"https:\/\/www.autoservice-waespi.de\/index.php\/wp-json\/wp\/v2\/pages\/374","targetHints":{"allow":["GET"]}}],"collection":[{"href":"https:\/\/www.autoservice-waespi.de\/index.php\/wp-json\/wp\/v2\/pages"}],"about":[{"href":"https:\/\/www.autoservice-waespi.de\/index.php\/wp-json\/wp\/v2\/types\/page"}],"author":[{"embeddable":true,"href":"https:\/\/www.autoservice-waespi.de\/index.php\/wp-json\/wp\/v2\/users\/1"}],"replies":[{"embeddable":true,"href":"https:\/\/www.autoservice-waespi.de\/index.php\/wp-json\/wp\/v2\/comments?post=374"}],"version-history":[{"count":7,"href":"https:\/\/www.autoservice-waespi.de\/index.php\/wp-json\/wp\/v2\/pages\/374\/revisions"}],"predecessor-version":[{"id":485,"href":"https:\/\/www.autoservice-waespi.de\/index.php\/wp-json\/wp\/v2\/pages\/374\/revisions\/485"}],"up":[{"embeddable":true,"href":"https:\/\/www.autoservice-waespi.de\/index.php\/wp-json\/wp\/v2\/pages\/290"}],"wp:attachment":[{"href":"https:\/\/www.autoservice-waespi.de\/index.php\/wp-json\/wp\/v2\/media?parent=374"}],"curies":[{"name":"wp","href":"https:\/\/api.w.org\/{rel}","templated":true}]}}