{"id":471,"date":"2019-03-25T18:23:47","date_gmt":"2019-03-25T17:23:47","guid":{"rendered":"https:\/\/www.autoservice-waespi.de\/?page_id=471"},"modified":"2019-03-28T08:08:05","modified_gmt":"2019-03-28T07:08:05","slug":"checks","status":"publish","type":"page","link":"https:\/\/www.autoservice-waespi.de\/index.php\/service\/checks\/","title":{"rendered":"Fahrzeugchecks"},"content":{"rendered":"<h2><span style=\"color: #1b348a;\">Checks<\/span><\/h2>\n<p><span style=\"color: #000000;\"><span style=\"font-family: Arial, sans-serif;\"><span style=\"font-size: large;\">Nicht nur das Fahren wird durch die Jahreszeiten beeinflusst, auch das Fahrzeug muss den \u00e4u\u00dferen Bedingungen angepasst werden. Neben einer geeigneten Ausr\u00fcstung wie beispielsweise Winterreifen sowie einer guten Pflege ist vor allem auch der Fahrzeug-Check wichtig. <strong>Beim Fahrzeug-Check pr\u00fcfen wir die wichtigsten Bauteile auf Funktionalit\u00e4t und machen Ihr Auto rundum fit f\u00fcr die jeweilige Jahreszeit.<\/strong> <\/span><\/span><\/span><\/p>\n<p>&nbsp;<\/p>\n<p><span style=\"color: #000000;\"><span style=\"font-size: x-large;\"><span style=\"font-family: Arial, sans-serif;\"><span style=\"font-size: large;\">Auch vor l\u00e4ngeren Reisen ist es sinnvoll, Ihr Auto im Vorfeld komplett durchzusehen und erforderliche Reparaturen vorzunehmen. Anschlie\u00dfend k\u00f6nnen Sie entspannt und pannenfrei in die Ferien fahren und Ihren Urlaub in vollen Z\u00fcgen genie\u00dfen. <\/span><\/span><\/span><\/span><\/p>\n<p>&nbsp;<\/p>\n<p><span style=\"color: #000000;\"><span style=\"font-family: Arial, sans-serif;\"><span style=\"font-size: large;\"><strong>Wir empfehlen:<\/strong> <\/span><\/span><\/span><\/p>\n<ul>\n<li><span style=\"color: #000000;\"><span style=\"font-family: Arial, sans-serif;\"><span style=\"font-size: large;\">Fr\u00fchjahrs-Check<\/span><\/span><\/span><\/li>\n<li><span style=\"color: #000000;\"><span style=\"font-family: Arial, sans-serif;\"><span style=\"font-size: large;\">Urlaubs-Check<\/span><\/span><\/span><\/li>\n<li><span style=\"color: #000000;\"><span style=\"font-family: Arial, sans-serif;\"><span style=\"font-size: large;\">Winter-Check<\/span><\/span><\/span><\/li>\n<\/ul>\n","protected":false},"excerpt":{"rendered":"<p>Checks Nicht nur das Fahren wird durch die Jahreszeiten beeinflusst, auch das Fahrzeug muss den \u00e4u\u00dferen Bedingungen angepasst werden. Neben einer geeigneten Ausr\u00fcstung wie beispielsweise Winterreifen sowie einer guten Pflege ist vor allem auch der Fahrzeug-Check wichtig. Beim Fahrzeug-Check pr\u00fcfen wir die wichtigsten Bauteile auf Funktionalit\u00e4t und machen Ihr Auto rundum fit f\u00fcr die jeweilige [&hellip;]<\/p>\n","protected":false},"author":1,"featured_media":0,"parent":290,"menu_order":30,"comment_status":"closed","ping_status":"closed","template":"templates\/page-full-width.php","meta":{"footnotes":""},"class_list":["post-471","page","type-page","status-publish","hentry"],"_links":{"self":[{"href":"https:\/\/www.autoservice-waespi.de\/index.php\/wp-json\/wp\/v2\/pages\/471","targetHints":{"allow":["GET"]}}],"collection":[{"href":"https:\/\/www.autoservice-waespi.de\/index.php\/wp-json\/wp\/v2\/pages"}],"about":[{"href":"https:\/\/www.autoservice-waespi.de\/index.php\/wp-json\/wp\/v2\/types\/page"}],"author":[{"embeddable":true,"href":"https:\/\/www.autoservice-waespi.de\/index.php\/wp-json\/wp\/v2\/users\/1"}],"replies":[{"embeddable":true,"href":"https:\/\/www.autoservice-waespi.de\/index.php\/wp-json\/wp\/v2\/comments?post=471"}],"version-history":[{"count":4,"href":"https:\/\/www.autoservice-waespi.de\/index.php\/wp-json\/wp\/v2\/pages\/471\/revisions"}],"predecessor-version":[{"id":492,"href":"https:\/\/www.autoservice-waespi.de\/index.php\/wp-json\/wp\/v2\/pages\/471\/revisions\/492"}],"up":[{"embeddable":true,"href":"https:\/\/www.autoservice-waespi.de\/index.php\/wp-json\/wp\/v2\/pages\/290"}],"wp:attachment":[{"href":"https:\/\/www.autoservice-waespi.de\/index.php\/wp-json\/wp\/v2\/media?parent=471"}],"curies":[{"name":"wp","href":"https:\/\/api.w.org\/{rel}","templated":true}]}}